common factor of 22674 and 36?
6
What is the highest common factor of 108 and 7224?
12
Calculate the greatest common factor of 14 and 255703.
7
Calculate the highest common divisor of 91 and 83057.
13
Calculate the highest common factor of 2403520 and 3360.
1120
Calculate the greatest common factor of 3574676 and 1204.
1204
What is the greatest common factor of 6902 and 44744?
238
Calculate the greatest common divisor of 49465 and 195.
65
What is the highest common factor of 78204 and 12369?
399
Calculate the highest common factor of 68 and 51852.
4
What is the greatest common factor of 91947 and 6?
3
Calculate the highest common divisor of 537504 and 64.
32
Calculate the highest common divisor of 363 and 1529.
11
What is the greatest common divisor of 1 and 190666?
1
What is the greatest common factor of 7202 and 58170?
554
What is the highest common divisor of 1924 and 629?
37
What is the greatest common divisor of 196819 and 434?
217
Calculate the greatest common divisor of 3294 and 10370.
122
What is the greatest common factor of 23758 and 28?
14
Calculate the highest common factor of 1034 and 2112.
22
Calculate the greatest common factor of 13168 and 10699.
823
Calculate the greatest common divisor of 1073 and 9483.
29
What is the highest common divisor of 2157 and 1325836?
719
Calculate the highest common divisor of 7888 and 45968.
272
What is the highest common factor of 3206 and 13282?
458
What is the highest common divisor of 96118 and 1309?
187
What is the greatest common factor of 1050 and 1185?
15
What is the highest common divisor of 1823485 and 8675?
1735
Calculate the highest common divisor of 8 and 637576.
8
What is the highest common factor of 324 and 2241?
27
Calculate the highest common divisor of 113197 and 785.
157
What is the highest common factor of 70960 and 2480?
80
Calculate the highest common divisor of 518097 and 4103.
373
Calculate the greatest common divisor of 39360 and 4584.
24
What is the greatest common divisor of 1079 and 41197?
13
Calculate the highest common factor of 3961 and 37979.
233
Calculate the greatest common divisor of 30 and 2938410.
30
Calculate the greatest common factor of 812262 and 1364.
682
Calculate the greatest common divisor of 1059322 and 9146.
538
Calculate the greatest common factor of 337 and 210962.
337
What is the highest common factor of 536 and 143112?
536
Calculate the highest common divisor of 2 and 51648.
2
Calculate the highest common factor of 61589 and 1331.
121
Calculate the greatest common divisor of 214099 and 6787.
617
What is the highest common factor of 1587060 and 540?
540
Calculate the greatest common divisor of 202744 and 200.
8
Calculate the greatest common factor of 112 and 42.
14
What is the highest common divisor of 35075 and 50?
25
What is the greatest common divisor of 40480 and 9085?
115
What is the highest common divisor of 2 and 2549?
1
What is the highest common factor of 9 and 4016178?
9
Calculate the greatest common divisor of 9139 and 95.
19
What is the greatest common factor of 2208 and 2967?
69
What is the greatest common divisor of 184 and 6904?
8
What is the highest common divisor of 9048 and 11252?
116
Calculate the highest common factor of 99 and 4939.
11
Calculate the highest common divisor of 55107 and 78.
39
Calculate the highest common factor of 93992 and 248.
248
What is the highest common divisor of 2340 and 12600?
180
What is the greatest common divisor of 125 and 342625?
125
What is the greatest common divisor of 1823304 and 168?
168
Calculate the highest common divisor of 18 and 1028898.
18
Calculate the greatest common divisor of 361260 and 180.
180
What is the greatest common divisor of 67639 and 429?
143
What is the highest common factor of 6798 and 20806?
206
Calculate the greatest common factor of 4912 and 28496.
16
What is the highest common divisor of 4888 and 80041?
611
What is the greatest common factor of 42 and 198618?
42
What is the highest common factor of 83 and 1784749?
83
Calculate the greatest common factor of 5094 and 13018.
566
Calculate the highest common divisor of 676 and 18148.
52
What is the greatest common factor of 145282 and 6?
2
Calculate the greatest common divisor of 480 and 105.
15
Calculate the greatest common divisor of 296399 and 11413.
113
Calculate the greatest common divisor of 44880 and 264.
264
Calculate the greatest common factor of 3402 and 990954.
486
What is the highest common divisor of 10 and 1405330?
10
Calculate the highest common factor of 327145 and 91.
91
What is the highest common divisor of 7571 and 2077?
67
What is the greatest common factor of 181781 and 333?
37
Calculate the greatest common factor of 20 and 1296.
4
Calculate the highest common factor of 2144790 and 45.
45
Calculate the greatest common divisor of 18326 and 26754.
98
What is the highest common factor of 749 and 2380?
7
What is the highest common divisor of 55968 and 144?
48
Calculate the greatest common factor of 27672 and 30.
6
What is the greatest common factor of 444222 and 87?
87
What is the highest common factor of 288 and 2754?
18
Calculate the highest common divisor of 612 and 33405.
51
What is the greatest common divisor of 43 and 181?
1
What is the greatest common divisor of 1297026 and 324?
54
What is the greatest common divisor of 17311 and 42?
7
Calculate the greatest common divisor of 52 and 190242.
26
Calculate the highest common divisor of 29948 and 2.
2
Calculate the highest common factor of 4867 and 314.
157
Calculate the highest common divisor of 360 and 3208.
8
Calculate the greatest common divisor of 102 and 316166.
34
What is the greatest common divisor of 26400 and 162096?
528
Calculate the highest common factor of 174418 and 148.
74
What is the greatest common factor of 360 and 7620?
60
What is the highest common divisor of 64 and 41984?
64
Calculate the greatest common factor of 19 and 477736.
19
What is the greatest common divisor of 54 and 16317?
9
What is the greatest common divisor of 46340 and 13020?
140
What is the highest common factor of 40968 and 390?
6
Calculate the highest common factor of 3300 and 3564.
132
What is the highest common factor of 61 and 1194258?
61
What is the greatest common factor of 342 and 49806?
18
Calculate the greatest common divisor of 284304 and 48.
48
What is the greatest common factor of 491309 and 52?
13
Calculate the highest common factor of 304 and 802712.
152
What is the greatest common divisor of 13472 and 1312?
32
What is the greatest common divisor of 364 and 29757?
91
Calculate the highest common factor of 217 and 88753.
217
Calculate the greatest common factor of 706101 and 33.
33
Calculate the highest common divisor of 770 and 6482.
14
What is the highest common divisor of 2199 and 9?
3
What is the highest common factor of 52215 and 6195?
885
Calculate the highest common factor of 1984 and 8192.
64
Calculate the greatest common divisor of 444 and 22607.
37
What is the greatest common factor of 81 and 1998?
27
What is the greatest common divisor of 2372911 and 1649?
1649
Calculate the greatest common factor of 2085 and 3525.
15
Calculate the highest common factor of 25427 and 188.
47
Calculate the greatest common factor of 70413 and 441.
147
What is the greatest common divisor of 101192 and 200438?
1946
What is the highest common divisor of 6 and 440346?
6
Calculate the greatest common factor of 12 and 1585884.
12
Calculate the highest common factor of 3733030 and 2380.
1190
Calculate the highest common factor of 115 and 98509.
23
Calculate the highest common divisor of 588876 and 12.
12
What is the greatest common divisor of 665312 and 10336?
544
What is the highest common divisor of 23 and 406985?
23
What is the highest common divisor of 2508 and 101004?
228
Calculate the highest common factor of 10475 and 2650.
25
Calculate the highest common factor of 3504 and 4380.
876
Calculate the greatest common divisor of 44 and 6875.
11
Calculate the highest common divisor of 12077 and 299.
13
What is the highest common factor of 9075 and 1573?
121
What is the highest common factor of 793100 and 28?
28
Calculate the highest common factor of 615 and 45.
15
Calculate the highest common divisor of 110 and 419045.
55
What is the greatest common divisor of 1